 2*q = -2*t + 5*t + 81, -5*q - 2*t = -193. Let x = 6 + -29. Let v = x + q. What are the prime factors of v?
2
Let f be (-2)/4 + 44/8. Suppose 4*v = -4*j - 8, -f*v = j + j + 1. Let d = 8 + v. What are the prime factors of d?
3
List the prime factors of ((-33)/(-12) + -2)*132.
3, 11
Suppose f - 10 = -p + 37, -f = 3. List the prime factors of p.
2, 5
Suppose 0 = -4*s - 8 - 12. Let j = -25 + 11. Let t = s - j. List the prime factors of t.
3
Suppose 5*u = -h + 2*h + 25, 0 = -3*u - h + 23. Let w = u - 3. What are the prime factors of w?
3
Suppose -5*h + 0*h + 235 = 0. List the prime factors of h.
47
Suppose -3*r + 296 = -4*n, 0*n = 5*r - 5*n - 485. List the prime factors of r.
2, 23
Suppose 0 = 5*y + 2*b - 957, b + 2*b - 760 = -4*y. What are the prime factors of y?
193
Suppose 0 = -3*p - 3*i + 33, -i + 43 = 5*p - 0*i. Suppose 95 = p*n - 3*n. What are the prime factors of n?
19
Let k be 18/15 + (-1)/5. Let i be 6 + 1 + (k - 2). What are the prime factors of -2*(-7 + i + -3)?
2
Let m(r) be the second derivative of -r**4/12 + 3*r**2/2 + 3*r. Let p be m(0). Suppose -q = -p*q + 24. List the prime factors of q.
2, 3
Let x be -3 - (-2 + 0 + 6). Let h = 2 - x. Suppose 4*n - 5*t = 19, 0 = 5*n - 2*t + h - 37. What are the prime factors of n?
2, 3
Let s = 3 + 0. Suppose 4*n - 41 = -s*m, 2*n - 2 = n. Suppose -m = 2*u - 43. What are the prime factors of u?
2
Let x = 12 - -56. List the prime factors of x.
2, 17
Suppose 0*z - 7*z + 1155 = 0. What are the prime factors of z?
3, 5, 11
Let a be (-148)/(-28) - (-2)/(-7). Suppose 240 = 5*d - 5*k, a*d = 4*k + 95 + 142. What are the prime factors of d?
3, 5
Let l be 0/(-1) + 6 + -3. Suppose l*b - 5*x - 60 = -2*x, -b = 3*x - 20. List the prime factors of 2 + (b - 3) + -2.
17
Let u = -2 - -2. Suppose 5*t - 5*a - 45 = 0, -4*a + u = 16. List the prime factors of t.
5
Let w = 8 - -16. Suppose 6*u - u = -3*z + 16, -3*z - 3*u = -w. What are the prime factors of z?
2, 3
Suppose -7*i + 2*i - 4*s + 162 = 0, -4*i = -3*s - 142. What are the prime factors of i?
2, 17
Let f(w) = 18*w - 24. What are the prime factors of f(7)?
2, 3, 17
Suppose -2 - 8 = -2*f. Suppose -f*q + 97 = 4*u, 0*q + 2*u = q - 11. List the prime factors of q.
17
Suppose 0 = -3*c + 67 + 74. What are the prime factors of c?
47
Let x(s) = 2*s + 1. Let y be x(1). Suppose 5*d + t - 70 = 0, -d - y*t - 5 = t. List the prime factors of d.
3, 5
Suppose 4*x - 32 = 5*b - b, 3*b + 3 = 0. Let m = x + -7. List the prime factors of (-6)/3 - (m + -7).
5
Suppose 0 = -2*j - 0 + 6. Suppose j*l - l - 32 = 0. List the prime factors of l.
2
Suppose -2*q - q + 80 = y, -2*q + 3*y = -68. List the prime factors of q.
2, 7
Let l(x) = 12*x**3 + 3*x**2 - 3*x + 2. List the prime factors of l(2).
2, 13
Let m = -25 - -62. List the prime factors of m.
37
Suppose -2*b + 46 = 2*a, -5*a + 66 = 3*b - 47. Let u = 11 - a. Let d = -7 - u. List the prime factors of d.
2
Let g = 10 + -8. Suppose 0 = -u + g - 3. Let n = 2 - u. What are the prime factors of n?
3
Let n(y) = -y**3 + 9*y**2 - 7*y + 6. Suppose 2*v + 0*v = 16. Let s be n(v). List the prime factors of ((-5)/10)/((-1)/s).
7
What are the prime factors of (-6)/(-8) - (3429/(-12))/3?
2, 3
Suppose -t + 15 = 2*t. Suppose 24 = 2*s + t*y, 3*y + 11 = 5. List the prime factors of s.
17
Let r(v) be the third derivative of 2/15*v**5 + 0 - 3*v**2 - 1/6*v**3 + 0*v - 1/24*v**4 + 1/120*v**6. List the prime factors of r(-8).
7
Suppose 0*m = -3*m - 6, -691 = -5*f + 3*m. What are the prime factors of f?
137
Let u be (-7)/(-2)*(-1 - 1). Let c(b) = 5*b**3 - 9 + 6 - 7*b**2 + 6 - 6*b**3. What are the prime factors of c(u)?
3
Let z(i) = 5*i - 1 - 6*i**2 - i**2 + 2 + 2*i**2 + i**3. List the prime factors of z(5).
2, 13
Suppose 4*j + y = 3*y + 32, -5*y - 44 = -4*j. List the prime factors of j.
2, 3
List the prime factors of -47*(-4 + (-5 - -7)).
2, 47
Let n(v) = 5*v**2 - v + 1. Let x be n(1). Suppose 5*f - 113 = -6*o + 2*o, 85 = 4*f + x*o. What are the prime factors of f?
5
Suppose -262 = 5*y - 1572. What are the prime factors of y?
2, 131
Let i(z) = z**2 - 4*z - 7. Let y be i(6). Suppose -1 = -3*f - y*m - 0, -5*f = 5*m - 5. Suppose -f*r - 3*r + 20 = 0. List the prime factors of r.
2
List the prime factors of 1/1*2 + 50.
2, 13
Suppose v + 4 = 3*v. Let f(t) = 7*t. List the prime factors of f(v).
2, 7
Suppose -2 = -g + 2. Suppose -g*t + 2*t = s - 26, -3*s + 5*t = -56. Suppose -i + s = i. List the prime factors of i.
11
Let l(g) = g**2 - 9*g + 7. Let s be l(8). List the prime factors of (s - -8)*162/63.
2, 3
Let o be (-2 - -3)*1*5. Let x = o + -1. Suppose -b = -2*h - 16, x*b - 4*h = -13 + 69. List the prime factors of b.
2, 3
Let u(d) = d**3 + 5*d**2 - 7*d - 6. What are the prime factors of u(-5)?
29
Suppose -4*a - 8 = 0, 2*n - 6*a - 34 = -2*a. Let i = -6 + n. List the prime factors of i.
7
Suppose -4*w = w + 15, 0 = r - 2*w - 119. What are the prime factors of r?
113
Let r be (1 - -1)/(6/9). Let a = r - -12. Let x = -11 + a. List the prime factors of x.
2
Suppose 0 = 4*l - 3*l - 61. What are the prime factors of l?
61
Let i(r) = 7*r + 8 + r**2 - 20 + 0*r**2. What are the prime factors of i(-9)?
2, 3
Let v be 112/18 + 10/(-45). Let m be (-4)/((-5)/(75/v)). List the prime factors of (m + -2)/((-3)/(-6)).
2
What are the prime factors of 1240/72 + 2/(-9)?
17
Let a = 22 - 5. List the prime factors of a.
17
Suppose 3*a - 2*m + 26 = 0, -a - m - 21 = -4. Suppose -2*f - 18 = f. Let u = f - a. List the prime factors of u.
2, 3
Suppose 2*r - 5*u - 1 = -11, -5*r + 21 = -u. Suppose 3*t = -p + 62, r*p + 2 = t + 8. List the prime factors of t.
19
Suppose 3*w - 6 = 27. Let i(c) = c**3 + 6*c**2. Let f be i(-6). Let q = w + f. What are the prime factors of q?
11
Let u = -148 - -242. List the prime factors of u.
2, 47
List the prime factors of 2*(1 + 135/6).
47
Let f = -19 - -13. Let y = 4 - f. Let z(v) = v**3 - 9*v**2 - 8*v - 8. List the prime factors of z(y).
2, 3
What are the prime factors of 4/(-1)*(-65)/4?
5, 13
Let i(y) be the first derivative of -y**2/2 + 10*y + 2. Let u(o) = -o**3 + 7*o**2. Let q be u(7). List the prime factors of i(q).
2, 5
Suppose -3*c + 150 = 2*c. List the prime factors of c.
2, 3, 5
Suppose -3*h + 5*x = -27, 6*h - 3*h - x = 15. Suppose d - h*d + 12 = 0. What are the prime factors of d?
2
Suppose -9*j + 44 = -5*j. What are the prime factors of -1*((1 - j) + -1)?
11
Suppose 2*w - 5 = 3*z, 2*z = -w - 1 - 0. Suppose f + w = 3*j, -2*f + 1 = 3*j - 8*j. List the prime factors of f.
2
Let j be 1/4 - (-3)/4. Let w(r) = -7*r + 2. Let d be w(-1). Suppose 0 = -5*g + j + d. List the prime factors of g.
2
Let o(l) = -18*l**3 + 2*l + 1. Let x be (-5)/6 - 5/30. What are the prime factors of o(x)?
17
Suppose -14*f + 9*f + 1425 = 0. What are the prime factors of f?
3, 5, 19
Let f(s) = -s**3 - 5*s**2 - 6*s. Let h be f(-4). Let c be (4 + -2)/(2/h). What are the prime factors of c/(-28) + 86/7?
2, 3
Let x = 4 - 1. Let g = -2 + 2. Suppose 4*c - x*c - 10 = g. What are the prime factors of c?
2, 5
Let y = -6 + 5. Let k be y*2 + 4 + 1. Suppose 0 = -k*b + 1 + 11. What are the prime factors of b?
2
Suppose 0 = u - 6*u + 10. Suppose -5*y + 42 = -4*f, -2*y + u*f + 22 = 3*f. What are the prime factors of y?
2, 5
Let k(z) = 8*z**2 + z + 7. List the prime factors of k(-4).
131
Let w be 6*(1 + 0 + -2). Let d = -4 - w. Suppose -d*o + 12 = -14. What are the prime factors of o?
13
Suppose -4*o + p + 2*p = -1037, -2*o + 2*p + 520 = 0. List the prime factors of o.
257
Suppose -d + 5 = 0, 2*l + 4*d - 48 = 82. List the prime factors of l.
5, 11
Suppose 13*k - 885 = 103. What are the prime factors of k?
2, 19
Suppose 2*c + 2*c - 56 = 0. Suppose 2*n = h + 2, 2*n - h = 4*h - c. Let q(d) = d**2 + d - 4. List the prime factors of q(n).
2
Suppose -m + s + 3 = -1, 4*s - 12 = -3*m. Let j(t) = -t**3 + 3*t**2 + 4*t. Let x be j(m). Suppose x = -5*a + 4*a + 6. What are the prime factors of a?
2, 3
Let q be 2/11 - 13/11. Let d = 3 - -3. What are the prime factors of (-9)/d*q*6?
3
Let p(t) = t**2 - 11*t + 35. List the prime factors of p(15).
5, 19
Let t = -25 + 41. What are the prime factors of 108/16*t/3?
2, 3
Let g(l) = -l**3 - 7*l**2 - 2*l + 3. Suppose -4*w + 3*w = 6. Let t be g(w). Let y = t - -33. What are the prime factors of y?
2, 3
Let h(k) = -k**3 - 8*k**2 - 7*k + 3. Let y be h(-6). Let v = 69 + y. Suppo